{"id":72,"date":"2019-08-16T07:54:48","date_gmt":"2019-08-16T07:54:48","guid":{"rendered":"http:\/\/aphasiques44.fr\/?page_id=72"},"modified":"2025-10-19T12:59:26","modified_gmt":"2025-10-19T10:59:26","slug":"contacter-lassociation","status":"publish","type":"page","link":"https:\/\/www.aphasiques44.fr\/?page_id=72","title":{"rendered":"Contact"},"content":{"rendered":"\n<pre class=\"wp-block-verse\">Pour obtenir des renseignements compl\u00e9mentaires, contactez l'association :<\/pre>\n\n\n\n<pre class=\"wp-block-verse\"><strong>1 - envoi d'un courrier au si\u00e8ge social :<\/strong><\/pre>\n\n\n\n<div class=\"wp-block-group\"><div class=\"wp-block-group__inner-container is-layout-constrained wp-block-group-is-layout-constrained\">\n<div class=\"wp-block-columns is-layout-flex wp-container-core-columns-is-layout-9d6595d7 wp-block-columns-is-layout-flex\">\n<div class=\"wp-block-column is-layout-flow wp-block-column-is-layout-flow\" style=\"flex-basis:100%\">\n<pre class=\"wp-block-verse\"><strong>APHASIQUES 44<\/strong><br>Chez Clotilde Marteel<br>16, rue des Tro\u00e8nes<br>44600 SAINT-NAZAIRE<\/pre>\n<\/div>\n<\/div>\n<\/div><\/div>\n\n\n\n<div class=\"wp-block-group\"><div class=\"wp-block-group__inner-container is-layout-constrained wp-block-group-is-layout-constrained\">\n<pre class=\"wp-block-verse\"><strong>2 \u2013 envoi d'un message \u00e0 l'association :<\/strong>  <a href=\"mailto:contact@aphasiques44.fr\">contact@aphasiques44.fr<\/a><strong> <\/strong><\/pre>\n<\/div><\/div>\n\n\n\n<pre class=\"wp-block-verse\">Dans ce message, veuillez-nous renseigner sur les points suivants :<br>- votre nom, pr\u00e9nom, adresse et votre n\u00b0 de t\u00e9l\u00e9phone,*<br>- la situation actuelle (hospitalisation, s\u00e9jour en centre de r\u00e9adaptation, retour \u00e0 domicile)<br>- l'origine de la situation (AVC ou autre, date, etc.)<br>- les caract\u00e9ristiques et l'importance des troubles ou handicaps pr\u00e9sents<br>- votre lien (personne aphasique elle-m\u00eame, ami, conjoint, enfant, parent, professionnel etc.) <br>- la raison de votre contact.<\/pre>\n\n\n\n<pre class=\"wp-block-verse\">(* obligatoire, merci !)<\/pre>\n\n\n\n<pre class=\"wp-block-verse\"><br><strong>3 \u2013 appeler l'association au <\/strong>:<\/pre>\n\n\n\n<pre class=\"wp-block-verse\"><strong>Clotilde t\u00e9l : 07 87 94 32 84<\/strong> <strong>ou Marie-Fran\u00e7oise t\u00e9l : 06 30 99 73 24<\/strong><br>En cas d'absence, veuillez laisser un message sur le r\u00e9pondeur en indiquant vos coordonn\u00e9es (Nom, pr\u00e9nom, n\u00b0 de t\u00e9l\u00e9phone) ou sms et pr\u00e9cisant, si possible, l'objet de votre appel.<br><\/pre>\n\n\n\n<p><\/p>\n","protected":false},"excerpt":{"rendered":"<p>Pour obtenir des renseignements compl\u00e9mentaires, contactez l&rsquo;association : 1 &#8211; envoi d&rsquo;un courrier au si\u00e8ge social : APHASIQUES 44Chez Clotilde Marteel16, rue des Tro\u00e8nes44600 SAINT-NAZAIRE 2 \u2013 envoi d&rsquo;un message &hellip; <a href=\"https:\/\/www.aphasiques44.fr\/?page_id=72\" class=\"more-link\">Lire la suite de <span class=\"screen-reader-text\">Contact<\/span><\/a><\/p>\n","protected":false},"author":1031,"featured_media":0,"parent":0,"menu_order":0,"comment_status":"closed","ping_status":"closed","template":"","meta":{"_price":"","_stock":"","_tribe_ticket_header":"","_tribe_default_ticket_provider":"","_tribe_ticket_capacity":"0","_ticket_start_date":"","_ticket_end_date":"","_tribe_ticket_show_description":"","_tribe_ticket_show_not_going":false,"_tribe_ticket_use_global_stock":"","_tribe_ticket_global_stock_level":"","_global_stock_mode":"","_global_stock_cap":"","_tribe_rsvp_for_event":"","_tribe_ticket_going_count":"","_tribe_ticket_not_going_count":"","_tribe_tickets_list":"[]","_tribe_ticket_has_attendee_info_fields":false,"footnotes":"","_tec_slr_enabled":"","_tec_slr_layout":""},"class_list":["post-72","page","type-page","status-publish","hentry","no-featured-image"],"ticketed":false,"_links":{"self":[{"href":"https:\/\/www.aphasiques44.fr\/index.php?rest_route=\/wp\/v2\/pages\/72","targetHints":{"allow":["GET"]}}],"collection":[{"href":"https:\/\/www.aphasiques44.fr\/index.php?rest_route=\/wp\/v2\/pages"}],"about":[{"href":"https:\/\/www.aphasiques44.fr\/index.php?rest_route=\/wp\/v2\/types\/page"}],"author":[{"embeddable":true,"href":"https:\/\/www.aphasiques44.fr\/index.php?rest_route=\/wp\/v2\/users\/1031"}],"replies":[{"embeddable":true,"href":"https:\/\/www.aphasiques44.fr\/index.php?rest_route=%2Fwp%2Fv2%2Fcomments&post=72"}],"version-history":[{"count":22,"href":"https:\/\/www.aphasiques44.fr\/index.php?rest_route=\/wp\/v2\/pages\/72\/revisions"}],"predecessor-version":[{"id":997,"href":"https:\/\/www.aphasiques44.fr\/index.php?rest_route=\/wp\/v2\/pages\/72\/revisions\/997"}],"wp:attachment":[{"href":"https:\/\/www.aphasiques44.fr\/index.php?rest_route=%2Fwp%2Fv2%2Fmedia&parent=72"}],"curies":[{"name":"wp","href":"https:\/\/api.w.org\/{rel}","templated":true}]}}